 + 45. Give o(-17).
-533
Let m(v) = -139*v - 168. Determine m(-2).
110
Let n(u) = u**3 - 28*u**2 - 330*u - 33. Give n(37).
78
Let y(f) = -31*f + 29. What is y(7)?
-188
Let d(w) = 173*w + 97. Give d(-4).
-595
Let u(f) = 10*f**2 + 2*f + 3. Calculate u(5).
263
Let g(t) = 22*t**3 - 90*t**2 + 10*t - 7. Determine g(4).
1
Let b(o) = o**3 - 21*o**2 - 2*o + 555. Calculate b(19).
-205
Let p(l) = -85*l - 441. Calculate p(-8).
239
Let c(x) = 7*x**3 - 4*x**2 - x + 8. Give c(2).
46
Let t(l) = -57*l**3 + 230*l**2 + 4*l - 29. Calculate t(4).
19
Let a(k) = -k**3 - 10*k**2 - 31*k - 21. What is a(-4)?
7
Let g(x) = -6*x - 161. What is g(-18)?
-53
Let g(o) = -2*o**2 - 15*o + 86. Determine g(-12).
-22
Let w(i) = -2*i**3 + 5*i**2 + 209*i - 447. Determine w(2).
-25
Let j(k) = -90*k + 1. Determine j(-2).
181
Let x(b) = -1050*b**2 + 7346*b + 12. Determine x(7).
-16
Let q(g) = -50*g - 555. Calculate q(-10).
-55
Let c(v) = 12*v**2 - 13*v + 32. Calculate c(4).
172
Let h(g) = 95*g**2 + 673*g - 2. Give h(-7).
-58
Let d(j) = 22*j**2 + 19*j + 1. Give d(-4).
277
Let u(z) = -z**3 + 89*z**2 - 91*z + 531. Give u(88).
267
Let x(i) = 2*i**3 + 14*i**2 - 16*i - 147. Give x(-7).
-35
Let x(b) = b**3 - 46*b**2 + 21*b - 1000. Determine x(46).
-34
Let k(s) = -s**2 + 12*s + 12. Give k(-1).
-1
Let c(j) = -19*j - 34. Calculate c(-1).
-15
Let o(k) = -3*k**2 - 30*k - 80. What is o(-11)?
-113
Let s(w) = 61*w + 1840. Determine s(-30).
10
Let g(u) = -u**2 - 307*u - 9537. What is g(-35)?
-17
Let y(c) = -4*c**2 - 156*c + 5. What is y(-39)?
5
Let s(v) = 8*v**2 + 504*v - 527. Determine s(-64).
-15
Let z(c) = 2*c**2 + 57*c - 1298. What is z(15)?
7
Let r(s) = s**3 - 26*s**2 - 59*s - 68. Determine r(28).
-152
Let b(z) = -327*z + 649. Give b(2).
-5
Let u(j) = j**3 - 20*j**2 - 56*j - 3. What is u(22)?
-267
Let c(d) = d**3 + 7*d**2 + 65*d + 343. Determine c(-6).
-11
Let k(s) = -s**3 - 28*s**2 + 198*s - 230. Determine k(-34).
-26
Let t(k) = k**3 + 14*k**2 + 22*k + 71. Calculate t(-12).
95
Let s(y) = -y**3 - 122*y**2 - 481*y - 1058. Give s(-118).
4
Let u(z) = -3*z**3 + 17*z**2 - 2*z + 5. Give u(4).
77
Let n(g) = 17*g**2 + 414*g - 299. What is n(-25)?
-24
Let m(w) = -7*w**2 + 26*w - 35. What is m(4)?
-43
Let i(w) = -25*w - 1518. Determine i(-58).
-68
Let u(m) = 3*m**3 - 15*m**2 - 4*m - 20. Give u(4).
-84
Let d(y) = y**3 - 13*y**2 - 387*y + 252. Determine d(27).
9
Let y(a) = a**2 + 797*a + 4744. Calculate y(-6).
-2
Let r(a) = -6*a - 459. Determine r(-45).
-189
Let f(n) = 23*n**3 + 965*n**2 - 44*n - 8. Calculate f(-42).
76
Let w(t) = 5*t**3 + 34*t**2 - 2*t + 46. Calculate w(-7).
11
Let y(b) = b**2 + 51*b + 1. Calculate y(-4).
-187
Let h(l) = 31*l + 1656. Calculate h(-52).
44
Let m(g) = 11*g - 25. Calculate m(-35).
-410
Let v(i) = 6*i**2 + 107*i - 23. Give v(-17).
-108
Let o(x) = 3*x**2 - 81*x + 9. What is o(28)?
93
Let q(v) = v**2 + 86*v - 26381. What is q(125)?
-6
Let w(b) = -15*b**2 + 929*b + 97. What is w(62)?
35
Let a(j) = -j**2 + 11*j + 40. Determine a(-10).
-170
Let v(a) = 61*a**2 + 4053*a + 1785. What is v(-66)?
3
Let t(v) = v**3 - 21*v**2 + 38*v + 30. What is t(19)?
30
Let j(u) = -u**2 - 18*u - 16. Give j(-14).
40
Let d(j) = 1953*j + 1983. Calculate d(-1).
30
Let v(f) = f**2 - 18. Calculate v(-5).
7
Let m(v) = 4*v**2 + 166*v - 830. Calculate m(-46).
-2
Let m(s) = s**3 - 70*s**2 + 74*s - 432. What is m(69)?
-87
Let d(n) = -90*n + 6442. Determine d(72).
-38
Let c(i) = 52*i + 2331. Determine c(-43).
95
Let q(a) = -a**3 - 56*a**2 - 112*a - 24. Determine q(-54).
192
Let p(l) = 5*l**2 + 126*l + 815. Give p(-13).
22
Let s(d) = -2*d**2 + 19*d + 54. Give s(-4).
-54
Let b(i) = -341*i + 27255. Give b(80).
-25
Let o(p) = -345*p - 3465. Give o(-10).
-15
Let u(k) = 59*k**2 + 338*k - 52. Give u(-6).
44
Let t(h) = -h**2 + 9*h + 66. Determine t(-15).
-294
Let u(x) = -18*x - 127. Give u(-6).
-19
Let z(u) = u**3 + 92*u**2 + 255*u - 1109. What is z(-89)?
-41
Let g(h) = 8*h**3 + 28*h**2 - 68*h - 237. Calculate g(-3).
3
Let f(i) = i**2 + 31*i + 200. Calculate f(-5).
70
Let y(b) = b**3 - b**2 + 21*b + 100. Give y(0).
100
Let k(q) = q**3 - 22*q**2 + 86*q + 11. Give k(17).
28
Let r(m) = -9*m**2 + 15*m - 22. Determine r(0).
-22
Let k(d) = -99*d**2 - 8*d - 2. Give k(-1).
-93
Let g(f) = 257*f - 1527. Calculate g(6).
15
Let t(d) = 29*d - 1456. Determine t(50).
-6
Let w(f) = -f**3 - 8*f**2 + 19*f + 17. Give w(-6).
-169
Let c(j) = -309*j - 3703. Determine c(-13).
314
Let d(c) = -c**3 - 14*c**2 - 68*c + 7. Determine d(-8).
167
Let i(s) = s**3 - 9*s**2 + 8*s - 3. What is i(9)?
69
Let i(s) = s**3 + 44*s**2 + 174*s + 158. Determine i(-3).
5
Let q(l) = 77*l - 83. Give q(3).
148
Let n(z) = 184*z + 1704. Give n(-8).
232
Let z(a) = -a**3 + 15*a**2 + 39*a - 594. Determine z(15).
-9
Let k(c) = 15*c - 1509. What is k(81)?
-294
Let o(s) = 6*s**2 + 39*s + 15. Calculate o(-6).
-3
Let q(o) = 65*o + 3328. Give q(-47).
273
Let t(s) = -4*s**2 - 69*s + 1236. Calculate t(11).
-7
Let a(w) = -248*w + 505. Calculate a(2).
9
Let r(h) = 104*h - 9269. Give r(91).
195
Let o(g) = 31*g + 128. Give o(-4).
4
Let c(s) = 11*s**2 + 107*s - 41. What is c(-11)?
113
Let y(m) = 305*m - 5186. Give y(17).
-1
Let b(c) = c**3 - 10*c**2 - 7*c + 16. Calculate b(10).
-54
Let i(t) = 4*t + 781. Calculate i(-70).
501
Let c(z) = z - 18. Give c(6).
-12
Let c(r) = -r**3 - 7*r**2 + 18*r + 4. Give c(-10).
124
Let s(o) = o**3 + 80*o**2 - 400*o + 2104. Determine s(-85).
-21
Let l(p) = p**3 - 17*p**2 - 6*p + 17. Calculate l(17).
-85
Let t(f) = -211*f - 8877. Give t(-42).
-15
Let u(g) = g**2 - 40*g - 3703. Calculate u(-44).
-7
Let v(y) = 102*y**3 + 202*y**2 - 10*y + 4. Give v(-2).
16
Let g(s) = 19*s**2 + 81*s + 8. Calculate g(-4).
-12
Let i(b) = 30*b + 1599. Calculate i(-50).
99
Let m(q) = q**3 + 6*q**2 + 12*q + 53. What is m(-5)?
18
Let r(t) = -t**3 + 39*t**2 - 72*t + 60. What is r(37)?
134
Let g(n) = -452*n - 449. What is g(-1)?
3
Let m(p) = -78*p**2 - 1166*p - 18. Determine m(-15).
-78
Let j(i) = 5*i**2 - 333*i + 3684. Calculate j(14).
2
Let f(c) = 3*c**2 + 26*c + 4. Determine f(-6).
-44
Let b(f) = 2*f**2 + 58*f + 336. What is b(-7)?
28
Let t(s) = -s**3 + 53*s + 271. Calculate t(-5).
131
Let z(v) = 29*v - 626. What is z(20)?
-46
Let h(t) = -24765*t + 198118. Determine h(8).
-2
Let m(b) = 340*b + 2390. Determine m(-7).
10
Let g(x) = -37*x**3 - 4*x + 4. Calculate g(1).
-37
Let q(k) = 233*k + 1664. What is q(-7)?
33
Let j(u) = -u**2 + 7*u + 331. Determine j(-18).
-119
Let f(h) = 262*h - 250. Determine f(1).
12
Let a(z) = -z**3 + 3*z**2 + 40*z - 12. What is a(8)?
-12
Let d(g) = -g**3 - 37*g**2 + 185*g + 130. Calculate d(5).
5
Let j(q) = 43*q - 1820. Determine j(36).
-272
Let c(g) = -4*g**2 + 37*g - 5. What is c(9)?
4
Let z(t) = t**3 + 132*t**2 - 12*t - 1473. Give z(-132).
111
Let j(w) = w**2 - 2*w + 13. Give j(9).
76
Let f(q) = -18*q**2 + 58*q + 12. Calculate f(4).
-44
Let g(m) = -2*m**3 + 217*m**2 - 116*m + 873. What is g(108)?
9
Let l(z) = 249*z + 320. Calculate l(-3).
-427
Let h(j) = -2*j**3 + 14*j**2 + 3*j - 30. Give h(7).
-9
Let r(b) = b**3 - 5*b**2 + 41*b - 67. Determine r(2).
3
Let i(t) = -t**3 - 192*t**2 - 3886*t + 170. Calculate i(-169).
1
Let d(x) = 97*x - 7483. Determine d(77).
-14
Let z(h) = h**2 - 35*h - 590. Determine z(-12).
-26
Let t(q) = -2*q**3 + 4*q**2 - 23*q - 1. What is t(0)?
-1
Let f(v) = -v**3 + 15*v**2 - 53*v - 7. What is f(9)?
2
Let s(u) = -277*u**2 + 5545*u - 106. Give s(20).
-6
Let b(p) = -p**3 + 19*p**2 - 2*p + 40. Determine b(19).
2
Let n(f) = -19*f + 190. What is n(11)?
-19
Let v(m) = 13*m**2 - 88*m - 417. Give v(-5).
348
Let q(d) = 3*d**2 - 466*d - 1864. Give q(-4).
48
Let s(t) = t**3 - 62*t**2 - 4*t + 10. What is s(62)?
-238
Let u(v) = v**3 - 35*v**2 - 25*v - 186. What is u(35)?
-1061
Let p(a) = 5*a**2 + 32*a - 23. Calculate p(-5).
-58
Let r(q) = 71*q + 1768. Determine r(-29).
-291
Let v(i) = -4*i**3 + 894*i**2 - 1334*i + 447. Calculate v(222).
3
Let s(k) = k**2 + 45*k - 404. Give s(-52).
-40
Let s(v) = 4*v**2 - 30*v + 155. Calculate s(9).
209
Let b(t) = -6*t**2 - 387*t + 1162. Determine b(3).
-53
Let q(h) = 2*h**3 - 17*h**2 - 24*h + 42. Calculate q(9).
-93
Let h(j) = -3*j**3 - 9*j**2 + 54*j + 73. What is h(-5)?
-47
Let i(w) = 34*w**2 - 2*w - 3. Determine i(-1).
33
Let f(v) = -8*v**3 - 73*v**2 + 6*v + 148. Give f(-9).
13
Let q(m) = 19*m**2 + 662*m - 104.